(a) = a**2 - 36*a + 89. Let o be g(31). Let j = 92 + o. What is the greatest common factor of 221 and j?
13
Let t be (9/3 - 5) + 20 + (586 - -1). What is the greatest common divisor of 297 and t?
11
Suppose 4*s - 4*z - 660 = 0, -2*s - 2*z + 341 - 31 = 0. Suppose 10*i + 1760 = -2070. Let m = 415 + i. What is the highest common divisor of m and s?
32
Let m(o) = 32*o - 2*o + 3*o**3 - 20 + 18*o**2 - 5*o**3 + 3*o**3. Let a be m(-16). Calculate the highest common factor of 108 and a.
12
Suppose 5*h + 2058 = -2*h. Let b = 462 + h. Let y be -18*((-8)/36 - 100/90). Calculate the highest common divisor of y and b.
24
Let l(i) = i**3 + 47*i**2 - 33*i + 60. Let d be l(-44). What is the greatest common divisor of 12 and d?
12
Let z(g) = 3*g - 26. Let h be z(-8). Let f = 53 + h. Let q be (-1 + f)/(-2)*-220. Calculate the greatest common divisor of q and 20.
20
Let i(d) = -2*d**3 + 2*d - 253. Let w be i(0). Let x = w + 257. What is the greatest common factor of 84 and x?
4
Suppose -12*v - 25324 + 58553 = -28403. Calculate the greatest common divisor of v and 1605.
321
Suppose -19*i + 5*n + 1805 = -14*i, -i + 4*n = -364. Suppose -1632*p = -1631*p - i. Calculate the highest common divisor of 45 and p.
45
Let c be 1/4 + (-42)/(-24). Let x(b) = 1 - 309*b + 5*b**2 - 2 + 305*b. Let r be x(c). Calculate the greatest common divisor of r and 33.
11
Let o be ((-1446)/(-4))/((-6)/(-8)). Let s = o - 428. Calculate the greatest common factor of s and 18.
18
Suppose 431*z = 372*z + 25488. Suppose 2*c = -c + 9. Suppose -3*t + 150 = -2*a, -t - c*a - 105 = -3*t. Calculate the highest common factor of t and z.
48
Let b be (-75)/(-60)*32/20. Suppose 5*p = -b*q + 10, -p - 2*q + 2 = -6*q. What is the highest common divisor of 4 and p?
2
Let y = 117 - 2. Let d = 118 - y. Suppose -t + d*m + 21 = -0*t, -67 = -4*t - 5*m. What is the greatest common factor of t and 27?
9
Let r = -2 - -16. Suppose 4*n + 4*o - 36 = 0, 0*n = -3*n - 2*o + 25. Let f be (18/r + 3)*(n - 0). What is the greatest common divisor of 6 and f?
6
Suppose -195*i - 4*i + 92336 = 0. Calculate the highest common factor of 783 and i.
29
Let b be ((-2)/10)/((-5)/475). Let o(u) = u**2 - 5*u - 57. Let f be o(b). What is the highest common divisor of 22 and f?
11
Let u = 10417 - 4852. Calculate the greatest common divisor of 318 and u.
159
Suppose -74 - 95 = -13*d. Let v be (-6)/27 - (-325)/45. Suppose -v = -5*t + d. Calculate the highest common divisor of t and 48.
4
Let b = 9293 + -9188. What is the highest common divisor of 405 and b?
15
Let s = -1 + 37. Let c = 35 - s. Let t be -4 + (c*245)/(-5). What is the greatest common factor of 5 and t?
5
Suppose 4*g - 1466 + 302 = 0. Let l = g + -79. Suppose 0 = -47*m + 45*m + l. What is the greatest common factor of m and 159?
53
Let d be -32 - -37 - ((2 - 2) + -19). Let n(f) = -12*f - 21. Let s be n(-2). Calculate the greatest common factor of d and s.
3
Let a = -32 + 35. Suppose -b = 4*y - 1440, -2*y = -b + a*b - 720. Suppose 14*x - 4*x = y. What is the greatest common divisor of x and 24?
12
Suppose 4*b - k - 430 = 0, 5*b - 1866*k = -1870*k + 548. What is the highest common factor of 1812 and b?
12
Let h = 285 - 138. Let a(y) = 2*y**2 - 41*y + 28. Let f be a(24). Calculate the greatest common factor of h and f.
49
Let n(r) = 23*r**2 + 134*r + 2064. Let u be n(-16). What is the highest common divisor of u and 192?
48
Let o be (-6416)/(-18) - 240/648*6/5. Calculate the highest common factor of 8 and o.
4
Suppose -2*s - 150 = -468. Let r = -103 + s. Suppose 5*m = -15, 3*m + r = b + 10. Calculate the greatest common factor of b and 407.
37
Suppose -481*i + 485*i + 4*o - 4512 = 0, 2*o + 5654 = 5*i. What is the highest common factor of i and 6328?
226
Let x(h) be the second derivative of -h**4/12 - 11*h**3/6 + 53*h**2 - 14*h. Let m be x(-17). What is the greatest common divisor of m and 5?
1
Let t(k) be the second derivative of -k**5/20 + 11*k**4/12 - 7*k**3/3 - 25*k**2/2 + 15*k. Let h be t(9). Calculate the greatest common factor of h and 11.
11
Suppose -6*m + 292 + 75 - 79 = 0. Calculate the greatest common factor of 3872 and m.
16
Suppose -4372 = -286*x + 3636. Let p = 17 - -18. What is the highest common factor of x and p?
7
Let r(x) = -2*x**3 + 130*x**2 + 138*x - 110. Let b be r(66). Suppose a + 4*q - 10 = 0, -a - 5*q + 0 = -7. What is the greatest common divisor of b and a?
22
Suppose -27*l + 5587 - 1718 = -883. What is the highest common factor of 3278 and l?
22
Let c be -9*2*14/3. Suppose 16*i + 632 - 184 = 0. Let a be (216/c)/(6/i). Calculate the highest common divisor of a and 96.
12
Let h = 27 + -26. Let r be 115/(2 - h) - 3. Let t be 20 - (3/(-6)*0 - -4). What is the greatest common factor of r and t?
16
Suppose o = 3*k - 24, 0 = -8*k + 13*k + 3*o - 40. Suppose -g - k*g = -14040. Calculate the highest common factor of 8 and g.
8
Suppose 2*m - 5*m + 122 = -2*o, -4*m + 158 = 2*o. Suppose 3*w - 3*k - 246 = 0, w = 46*k - 51*k + 70. What is the greatest common factor of m and w?
40
Let r(p) = -p**3 + 49*p**2 + 299*p - 17. Let n be r(-6). Calculate the highest common divisor of 22 and n.
1
Suppose 63*j = 53*j + 600. What is the greatest common factor of j and 80?
20
Suppose 10 = 5*z, -w - 26*z + 7115 = -28*z. What is the greatest common factor of w and 63?
63
Let k = 585 + -626. Let i(q) = q**3 - 11*q**2 + 6*q + 14. Let h be i(10). Let l = h - k. Calculate the highest common divisor of l and 75.
15
Let y(b) = 3*b**2 + 76*b + 716. Let u be y(-12). Calculate the highest common divisor of u and 32.
4
Suppose -3*u - 5*b = -50, -3*b - 10 = -3*u + 80. Suppose -31*d = -492 + 89. Let r = u - d. Calculate the greatest common factor of r and 84.
12
Let q = 18 - 18. Suppose q = 6*a - 13 - 11. Suppose -5*b - a*d = -6 - 12, -3*b = 5*d - 3. What is the greatest common divisor of 30 and b?
6
Let y = 13440 - 13392. What is the highest common factor of 5864 and y?
8
Let b(g) = 4*g**2 + 1. Let u be b(1). Let v be (-23)/230 + (-1364)/(-40). Suppose -7*a + u*a + v = 0. Calculate the greatest common divisor of a and 17.
17
Let c = -92 + 277. Let a be -3 + (-4 - -5) + -7. Let z be ((-9)/a)/(2/148). What is the highest common divisor of c and z?
37
Suppose 0 = 412*d - 482*d + 65170. What is the highest common divisor of d and 49?
49
Suppose d = 7*d - 120. Let n be (1 - 7/3)*-15. Suppose 10 + n = 3*l. What is the greatest common factor of d and l?
10
Let j = -3386 - -3411. Calculate the greatest common divisor of j and 750.
25
Suppose -3*y + 105 = -0*i + 5*i, 3*y - 4*i = 159. What is the greatest common divisor of y and 3600?
45
Let y = -4691 - -4712. Calculate the greatest common divisor of 2121 and y.
21
Let o = 161 - 293. Let g = 158 + o. Suppose 255 = 4*t - y, -4*y + 93 + 187 = 4*t. What is the highest common factor of t and g?
13
Let o(f) = -f**2 - 65*f - 246. Let i be o(-47). What is the highest common factor of i and 240?
120
Let l = 40 + 17. Let k = -25510 - -26023. What is the highest common divisor of k and l?
57
Let b(o) = 16*o**2 - 11*o + 20. Let y(a) = 12*a**2 - 7*a + 13. Let n(r) = -5*b(r) + 7*y(r). Let l be n(-3). Calculate the highest common divisor of 2 and l.
1
Let g be 3*((-123)/27 + 5)*(-10 + 115). Calculate the greatest common factor of g and 80.
20
Let n = 3192 + -2394. Calculate the greatest common factor of n and 1386.
42
Let b = -33452 + 33584. What is the greatest common divisor of 9900 and b?
132
Let h = -3725 - -3771. Calculate the greatest common divisor of h and 2024.
46
Let l = -4083 - -4127. Calculate the greatest common divisor of 48 and l.
4
Let d be (-29 - -14)*((-8)/(-6) - 1). Let i be 98/(-2) - (-3 - -2). Let s be d/(15/i) + 4. What is the greatest common factor of s and 10?
10
Let a be (4/(-5))/(4/(-10)). Suppose -a*h + 1210 = -0*g - 3*g, g - h + 403 = 0. Let b be g/(-12) + 2/6. Calculate the greatest common divisor of b and 51.
17
Let l = -55 - -65. Let t be 30*(l/8 - (-15)/(-20)). What is the greatest common divisor of t and 120?
15
Let b = 372 + -348. Let g(z) = -6*z + 4*z + 13*z + 17 + 43*z - 2*z**2. Let n be g(b). What is the highest common divisor of 23 and n?
23
Suppose 10923 - 3019 = 32*u. What is the highest common divisor of 13 and u?
13
Let w = -12179 - -12219. What is the greatest common divisor of w and 1896?
8
Let t be (-36)/(-4)*(-1144)/(-42